3
What is the highest common divisor of 59 and 8791?
59
What is the greatest common divisor of 3328 and 2304?
256
What is the highest common factor of 3565 and 20?
5
What is the highest common factor of 16 and 64?
16
Calculate the greatest common factor of 609 and 105.
21
What is the greatest common factor of 23075 and 13?
13
What is the greatest common divisor of 6 and 45?
3
What is the greatest common divisor of 61 and 1891?
61
What is the highest common divisor of 86 and 1806?
86
Calculate the highest common divisor of 153 and 12087.
153
Calculate the greatest common factor of 7530 and 30.
30
What is the greatest common factor of 441 and 1617?
147
What is the greatest common factor of 48 and 848?
16
Calculate the highest common factor of 799 and 34.
17
Calculate the greatest common divisor of 444 and 24.
12
What is the highest common factor of 4995 and 10?
5
Calculate the greatest common factor of 5 and 5120.
5
Calculate the greatest common divisor of 19 and 703.
19
Calculate the greatest common factor of 427 and 488.
61
What is the highest common factor of 4320 and 160?
160
Calculate the highest common factor of 4 and 7.
1
What is the greatest common factor of 230 and 322?
46
Calculate the highest common factor of 13456 and 24.
8
Calculate the greatest common divisor of 273 and 117.
39
What is the greatest common factor of 664 and 8?
8
What is the greatest common factor of 36 and 260?
4
What is the highest common divisor of 256 and 4?
4
What is the greatest common divisor of 29 and 319?
29
What is the highest common factor of 1216 and 703?
19
What is the greatest common divisor of 10 and 94630?
10
Calculate the highest common divisor of 865 and 1211.
173
Calculate the highest common factor of 56 and 12.
4
Calculate the highest common divisor of 208 and 16.
16
What is the greatest common factor of 40 and 60?
20
What is the greatest common divisor of 189 and 1407?
21
Calculate the greatest common divisor of 5977 and 129.
43
What is the greatest common divisor of 11 and 561?
11
Calculate the highest common factor of 715 and 1045.
55
Calculate the highest common factor of 275 and 11.
11
What is the highest common factor of 232 and 377?
29
Calculate the greatest common divisor of 115 and 185.
5
Calculate the greatest common factor of 64 and 1152.
64
Calculate the greatest common divisor of 24 and 5100.
12
What is the greatest common divisor of 455 and 13?
13
What is the greatest common divisor of 220 and 130?
10
Calculate the greatest common factor of 22 and 59114.
22
Calculate the highest common factor of 86 and 43.
43
Calculate the highest common factor of 4416 and 6.
6
What is the highest common factor of 1 and 8081?
1
Calculate the greatest common factor of 73 and 1679.
73
Calculate the greatest common factor of 616 and 286.
22
Calculate the greatest common divisor of 1364 and 506.
22
What is the highest common factor of 3260 and 20?
20
What is the highest common divisor of 136 and 102?
34
Calculate the greatest common divisor of 610 and 10.
10
What is the highest common divisor of 4531 and 92?
23
What is the highest common factor of 132 and 1188?
132
Calculate the greatest common factor of 12 and 228.
12
Calculate the greatest common divisor of 2862 and 10176.
318
What is the greatest common factor of 1937 and 13?
13
Calculate the highest common divisor of 24 and 48.
24
What is the highest common factor of 64 and 704?
64
Calculate the highest common factor of 525 and 2975.
175
What is the highest common divisor of 236 and 5782?
118
What is the highest common factor of 17508 and 12?
12
Calculate the highest common factor of 1058 and 46.
46
What is the highest common divisor of 134 and 5561?
67
What is the highest common factor of 13794 and 484?
242
Calculate the highest common divisor of 27 and 38.
1
Calculate the greatest common factor of 39 and 1456.
13
Calculate the greatest common factor of 175 and 140.
35
What is the greatest common factor of 91 and 221?
13
What is the greatest common divisor of 189 and 1701?
189
Calculate the greatest common factor of 35 and 245.
35
What is the highest common divisor of 790 and 237?
79
What is the highest common divisor of 91 and 679?
7
What is the highest common factor of 14 and 231?
7
Calculate the greatest common divisor of 86 and 1376.
86
Calculate the highest common divisor of 4773 and 215.
43
What is the highest common divisor of 553 and 158?
79
Calculate the greatest common factor of 239 and 7.
1
What is the greatest common divisor of 7915 and 10?
5
What is the greatest common factor of 161 and 69?
23
Calculate the highest common divisor of 156 and 390.
78
Calculate the highest common factor of 37 and 3959.
37
Calculate the greatest common factor of 760 and 40.
40
What is the greatest common divisor of 3392 and 512?
64
What is the greatest common divisor of 384 and 864?
96
Calculate the greatest common divisor of 72 and 984.
24
What is the greatest common factor of 78 and 5278?
26
Calculate the highest common factor of 1380 and 2346.
138
Calculate the highest common divisor of 325 and 13.
13
Calculate the greatest common factor of 513 and 4332.
57
Calculate the highest common factor of 7198 and 122.
122
Calculate the greatest common factor of 104 and 871.
13
Calculate the greatest common divisor of 432 and 252.
36
What is the highest common factor of 1360 and 85?
85
What is the greatest common divisor of 44 and 22?
22
What is the greatest common factor of 5 and 365?
5
Calculate the greatest common factor of 187 and 170.
17
Calculate the highest common divisor of 26 and 7761.
13
What is the greatest common divisor of 12 and 1308?
12
What is the highest common factor of 1064 and 136?
8
Calculate the highest common divisor of 22 and 11.
11
What is the greatest common divisor of 20 and 180?
20
What is the greatest common divisor of 312 and 648?
24
What is the highest common divisor of 120 and 255?
15
Calculate the highest common divisor of 66 and 3531.
33
What is the greatest common divisor of 25 and 590?
5
Calculate the greatest common divisor of 66 and 484.
22
Calculate the greatest common divisor of 41 and 1312.
41
What is the highest common divisor of 181 and 181?
181
Calculate the greatest common divisor of 135 and 60.
15
Calculate the highest common divisor of 364 and 12.
4
Calculate the highest common divisor of 2076 and 36.
12
Calculate the highest common divisor of 54 and 2187.
27
Calculate the highest common factor of 5 and 85.
5
Calculate the highest common divisor of 104 and 286.
26
What is the greatest common factor of 106 and 159?
53
What is the greatest common factor of 68068 and 52?
52
What is the greatest common factor of 32 and 4208?
16
What is the highest common divisor of 21 and 2387?
7
What is the highest common factor of 304 and 136?
8
Calculate the highest common factor of 1272 and 530.
106
What is the highest common factor of 372 and 24?
12
Calculate the highest common factor of 224 and 22064.
112
Calculate the highest common divisor of 48 and 176.
16
What is the highest common divisor of 702 and 793?
13
What is the greatest common factor of 64 and 144?
16
What is the highest common factor of 65 and 26?
13
Calculate the highest common divisor of 14 and 175.
7
Calculate the greatest common divisor of 208 and 288.
16
What is the greatest common factor of 708 and 2714?
118
What is the greatest common factor of 7 and 3563?
7
Calculate the highest common factor of 6 and 320.
2
What is the greatest common divisor of 152 and 136?
8
Calculate the highest common factor of 42 and 658.
14
What is the highest common divisor of 10724 and 140?
28
What is the greatest common divisor of 4176 and 144?
144
Calculate the highest common divisor of 25 and 1825.
25
Calculate the highest common factor of 5865 and 69.
69
What is the greatest common divisor of 20680 and 3008?
376
Calculate the highest common factor of 224 and 64.
32
Calculate the greatest common divisor of 1520 and 40.
40
What is the highest common factor of 1749 and 66?
33
Calculate the highest common divisor of 7 and 1561.
7
Calculate the greatest common factor of 287 and 91.
7
Calculate the highest common factor of 7 and 581.
7
Calculate the highest common divisor of 152 and 19.
19
What is the highest common factor of 5 and 